hen 88 is divided by n(-2)?
16
Suppose 0 = -2*b - b + 6. Let s = -5 + 8. Suppose b*c = -s*n + 36, -2*n + 36 = 2*c - 0*n. What is the remainder when c is divided by 10?
8
Let x(q) = q**3 - 5*q**2 + 5*q. Let o be x(5). Suppose -o = -3*k + 4*s + 15, -3*s = 12. Calculate the remainder when k is divided by 3.
2
Suppose -2*j + j = -70. Let w = -50 + j. Calculate the remainder when 78 is divided by w.
18
Suppose -f - 4*f + 50 = 0. Let p be (-3)/(18/20)*3. What is the remainder when f is divided by (16/p)/(16/(-40))?
2
Let c = -38 - -25. Let m be 3/(-2)*(-3 + c). Suppose -m = -3*k + 9. Calculate the remainder when 43 is divided by k.
10
Let a = -4 + 9. Suppose a*f = 37 + 98. What is the remainder when f is divided by 14?
13
Let q(r) = r**2 - 7. Let y be q(-5). Let d = y + 6. Calculate the remainder when 117 is divided by d.
21
Let p = 17 + -10. Let r(h) = -h**2 + 9*h + 2. What is the remainder when 63 is divided by r(p)?
15
Let y(w) = w**3 - 6*w**2 - 6*w - 7. Let o be y(7). Suppose 3*m - 35 = -4*f, 0*f - 2*f - 2 = o. Calculate the remainder when 49 is divided by m.
10
Let a be (1 - (-2)/(-2)) + -3. Let k = 18 + -26. What is the remainder when 16 is divided by -2 - 0/a - k?
4
Let y be (-10)/(-2)*2/(-2). Let q be -15*y/((-45)/(-6)). Suppose 34 = 2*d - q. Calculate the remainder when d is divided by 8.
6
Let u = 112 - 58. What is the remainder when u is divided by 14?
12
Suppose -52 = -4*k + 2*y, -y + 44 = 3*k - 0*y. What is the remainder when 39 is divided by k?
11
What is the remainder when 131 is divided by 2/((-57)/(-18) + -3)?
11
Let q(r) = -r + 8. Let n be q(6). Suppose -2*j - 1 + 5 = m, -1 = -n*m + 3*j. Let p = m + 26. Calculate the remainder when p is divided by 10.
8
Let d = 14 - 5. What is the remainder when 34 is divided by d?
7
Let b = 11 + -7. Let y be 2/b - 14/(-4). Suppose 9 = y*f - 2*o - 21, -3*f + 50 = 4*o. What is the remainder when f is divided by 6?
4
What is the remainder when 11 + 0 + -3 + (-20)/(-4) is divided by 7?
6
Let x = 60 + -55. Let o = -1 + 18. Calculate the remainder when o is divided by x.
2
What is the remainder when 93 is divided by (0 + 27)*(-10 + 4 + 7)?
12
Let p(f) = f**2 - 10*f + 31. Calculate the remainder when 195 is divided by p(9).
19
Let b = 5 - 2. Suppose b*m = m + 54. What is the remainder when m is divided by 7?
6
Suppose -3*z = 3, -2*x + 219 = -0*z + z. Let r = x + -58. What is the remainder when r is divided by 18?
16
Suppose -59 = -5*w - 4*h, 4*w - 32 = 3*h + 9. Calculate the remainder when w is divided by 4.
3
Suppose 3*p - 5*z - 19 = 0, 2*p - 2*z = 3 + 11. Let c(b) = 6*b**2 + 5*b - 5. Let w be c(7). What is the remainder when w/15 - 4/(-10) is divided by p?
6
Let a = 4 + 1. Calculate the remainder when 8 is divided by a.
3
Let x(d) = -5*d - 1. Let o be x(1). Suppose 0 = h - 2*h + 38. Calculate the remainder when h is divided by (-1)/(-6) + (-119)/o.
18
Suppose -13 = -4*i - 5. Suppose g + 5*h - 84 = 0, -h + 154 = 2*g + i*h. What is the remainder when g is divided by 19?
17
What is the remainder when 4 is divided by -10 - -7 - -3*2?
1
Let c = -29 - -41. Calculate the remainder when 20 is divided by c.
8
Let m(k) = -k**3 - 2*k**2 + k - 2. Let y be m(-3). Suppose 4*z + 3*g - y*g = 51, 12 = -4*g. Calculate the remainder when z is divided by 5.
2
Suppose 0 = -5*c + 45 + 5. What is the remainder when c is divided by 6?
4
Suppose -k + 6*k = 100. Suppose 4*l = 6*l + 3*p - 6, 14 = -2*l + 2*p. Calculate the remainder when k is divided by -3*1*l - -2.
9
Let c(s) = s**2 + 9*s + 9. Let y(u) = u**2 + 9*u + 9. Let t(r) = -5*c(r) + 4*y(r). Calculate the remainder when t(-6) is divided by 6.
3
Let u(i) = -i**3 + 5*i**2 - i - 5. Let z be u(4). Let f = z - -3. Let x = -3 + f. What is the remainder when 13 is divided by x?
6
Let v = -1 + -12. Let z = -4 - v. Calculate the remainder when 15 is divided by z.
6
Suppose 0 = -0*m - m + 13. Suppose -5*k - 25 = -v, 0 = -2*k - k. Calculate the remainder when v is divided by m.
12
Suppose d - 2 = -7, -195 = -5*n + 3*d. What is the remainder when 141 is divided by n?
33
Let h(g) = -2*g**3 + 11*g**2 + 8*g - 2. Suppose -3*f + w = -2*w - 9, 0 = -5*f - 4*w + 42. What is the remainder when h(6) is divided by f?
4
Calculate the remainder when (-27)/3 + 6 + 9*6 is divided by 13.
12
Let v be ((-8)/16)/(1/(-10)). Suppose -l - v + 29 = 0. Suppose 4*x - l = 32. What is the remainder when 25 is divided by x?
11
Suppose 29 + 63 = 4*h. Calculate the remainder when 89 is divided by h.
20
What is the remainder when (-5)/((-10)/8) - -24 is divided by 19?
9
Let a = 1 + -3. Let f = a + 8. Let w = 40 - 23. Calculate the remainder when w is divided by f.
5
Suppose z - 2 - 2 = 0, -2*v - 3*z + 90 = 0. Calculate the remainder when 113 is divided by v.
35
Suppose 20 + 0 = 5*o. Calculate the remainder when 14 is divided by o.
2
Suppose 2*d = 4*d - 36. Suppose 3*w - 37 = -7. What is the remainder when d is divided by w?
8
Suppose 54 = 3*d + 3*v, d + 4*v - 6 = 15. What is the remainder when (2*-1 + 0)*2178/(-132) is divided by d?
16
Let z(q) be the third derivative of -q**6/60 - q**5/30 + q**3/3 + 4*q**2. What is the remainder when 18 is divided by z(-2)?
8
Suppose -9 = 2*u + r, 3*u - 2*r + 41 = 2*r. Let h = u - -10. Calculate the remainder when 11 is divided by h.
2
Let q = -36 + 42. Calculate the remainder when 63 is divided by q.
3
Let q be (2/4)/((-4)/(-8)). Let l be q*(-5 - -2) + 2. What is the remainder when (28/3)/(l/(-3)) is divided by 10?
8
Let i = 3 - 3. Suppose 2*u - 23 - 15 = i. Calculate the remainder when 55 is divided by u.
17
Suppose -2*n - 4 = -4*v + 2*n, 1 = 4*v - n. Suppose -3*c + v*c = 0. Calculate the remainder when c + 3*5/3 is divided by 3.
2
Suppose 3*q - 263 = -83. What is the remainder when q is divided by 16?
12
Let i = 8 - 3. Suppose o - 11 = 7. Suppose 0 = -i*s + 17 + o. Calculate the remainder when s is divided by 4.
3
Let w(q) = -q**3 - 6*q**2 - 8*q + 3. Let r(g) = -g**3 - g**2 + 3*g - 4. Calculate the remainder when r(-3) is divided by w(-4).
2
Suppose 0*x = -x, 2*f + 5*x - 44 = 0. Suppose 0 = -p + 3*t - 18, 0*p = -p + 5*t - 28. What is the remainder when f is divided by ((3 - -4) + p)*2?
6
Let m(y) = 8 + y + 1 + 0 + 9. Calculate the remainder when m(8) is divided by 7.
5
Let q(t) = t**2 + 8*t. Let j be q(-6). Suppose -k + 69 = 2*k. Let w = j + k. Calculate the remainder when 21 is divided by w.
10
Let w = -20 + 22. Suppose -d + w = -8. Calculate the remainder when 18 is divided by d.
8
Calculate the remainder when (5 - 80/15)*-15 is divided by 1.
0
Let c be 4/(-6) - 4/3. Let x = c + 2. Let k(y) = -y**3 - y**2 + y + 22. Calculate the remainder when k(x) is divided by 8.
6
What is the remainder when 26 is divided by (-1 - -12)/(1 - 3)*-2?
4
Calculate the remainder when 27 is divided by (-43)/(-3) + 1/(-3).
13
Suppose 43 = 3*s + 5*l, -2*s - 5*l = -7 - 20. Calculate the remainder when 95 is divided by s.
15
Suppose 1 = -2*d + 4*u - 3, -4 = 3*d - 4*u. Suppose -5*a = -2*h - 12, -3*h - 4*a + 42 - 14 = d. Calculate the remainder when h is divided by 3.
1
Let j(b) = 6*b - 1. Calculate the remainder when (64/(-6))/(3 - (-50)/(-15)) is divided by j(2).
10
Suppose -3*d - 4 = -25. Suppose -3*x + f + 0*f = -3, 0 = 2*x - 4*f + 8. Calculate the remainder when d is divided by x.
1
Calculate the remainder when 22 is divided by -3*4/72 - (-37)/6.
4
Let p(r) be the second derivative of r**5/20 - r**4/3 + 5*r**3/6 - 3*r**2 + r. What is the remainder when 25 is divided by p(4)?
11
What is the remainder when 50 is divided by 16/32 + 66/4?
16
Let r(y) = 2*y**3 + 2*y**2 - 2*y + 3. What is the remainder when r(2) is divided by 6?
5
Let s(t) = t**3 - 5*t**2 + 3*t + 4. Let w be s(4). Calculate the remainder when 47 is divided by (-1)/3*w - -10.
7
Let r(k) = -k**3 + 5*k**2 + k - 2. What is the remainder when 11 is divided by r(5)?
2
Suppose -33 = -n - 2*n. Suppose q = 2*q - n. Suppose h - 1 = q. Calculate the remainder when h is divided by 7.
5
Let n = -132 + 176. What is the remainder when n is divided by 15?
14
Suppose 5*n - r = 2*r + 74, 15 = -5*r. Calculate the remainder when 48 is divided by n.
9
Let a = 14 + -6. Let i(k) = -2*k**2 + 5*k + 16. Let n(d) = d**2 - 3*d - 8. Let b(l) = 3*i(l) + 7*n(l). Calculate the remainder when 22 is divided by b(a).
6
Suppose -2*j + 60 = -10. Suppose -3*s = -2*b - 